(m) = m**3 + 3*m**2 + 2*m - 1. What is the remainder when d(3) is divided by 15?
14
Let j(y) = y**3 + 7*y**2 - 11*y - 18. Calculate the remainder when 28 is divided by j(-8).
4
Suppose 7*v = 4*v - 12, 4*a = 3*v + 20. What is the remainder when 29 is divided by a/(-4) + (-42)/(-4)?
9
Let y be ((-6)/(-9))/(4/(-42)). Let t(o) = -o**2 - 16*o - 2. Calculate the remainder when t(y) is divided by 21.
19
Suppose h = 5*h. Suppose -2*g = -h*g. Suppose k - 10 = -z, -26 = -3*z - k - g. What is the remainder when z is divided by 3?
2
Suppose -2*l = -4*l + 6. Calculate the remainder when 7 is divided by l.
1
Suppose 3*x = 2*y + 27, -7 = -2*x - 2*y + 11. Suppose 3*p = -3*q + 36, 0*q = 2*p - q - 39. Calculate the remainder when p is divided by x.
8
Let i = -26 + 16. What is the remainder when (15/i)/((-1)/20) is divided by 8?
6
Suppose -4*k = -8*k + 4. Calculate the remainder when -2 + k*56 + -1 is divided by (144/56)/((-2)/(-14)).
17
Suppose 3*w - 38 = -f, -f - 4*w = 3*f - 112. What is the remainder when f is divided by -88*2/(-14) - (-6)/14?
10
Let h(y) = 4*y**3 - y**2 - y + 2. Calculate the remainder when 110 is divided by h(2).
26
Let o(k) = -3*k + 1. Let r = -49 + 59. What is the remainder when r is divided by o(-1)?
2
Suppose -x = 5*f + 1, -x + 2*f = -11 - 16. Calculate the remainder when 56 is divided by x.
18
Suppose 5*u - 2 = 8. Let f = -3 + 5. Suppose -3 = -f*w + 7. What is the remainder when w is divided by u?
1
Let u be (-4)/(1 + (-94)/90). Suppose -2*o - 231 = 5*k + 78, -5*o = -5*k - 295. Let q = u + k. What is the remainder when q is divided by 10?
9
Let t = 4 - 2. Suppose -t*p - i = -23, 0*p + 4*i - 52 = -4*p. What is the remainder when p is divided by 6?
4
Suppose -11 = -3*r + 7. What is the remainder when r is divided by 2?
0
Let y = 19 - 10. Let x = 5 - y. Calculate the remainder when ((-38)/4)/(2/x) is divided by 10.
9
Suppose -4*h - 16 = 0, 5 = 3*k + 5*h + 13. Suppose k*y + 7 = 5*y. What is the remainder when y is divided by (-2)/6 + (-10)/(-3)?
1
What is the remainder when 1 - 2616/(-10) - 18/(-45) is divided by 53?
51
Suppose 0 = -0*z - z - 4*v + 59, 2 = v. Let o = 7 + z. Calculate the remainder when o is divided by 15.
13
Let p(s) = s**2 - 5*s + 7. Calculate the remainder when 64 is divided by p(6).
12
Let b(w) = 7*w**2 + 2*w + 1. Let g be b(-1). Suppose 3*a - a = g. Suppose -t = a*t - 76. What is the remainder when t is divided by 10?
9
Let l(k) = -13 + 4*k + 1 + 5*k - 5*k. Calculate the remainder when l(9) is divided by 9.
6
Suppose 5*h - 17 = h - 5*z, -4*h = 4*z - 20. Calculate the remainder when 31 is divided by h.
7
Suppose n + 16 = 74. What is the remainder when n is divided by 20?
18
Suppose z - 11 = -y - 3*z, 4*y + 2*z = 86. Calculate the remainder when 89 is divided by y.
20
Let w(a) = 8*a. Suppose 3*z - 3 = -0*z. What is the remainder when 21 is divided by w(z)?
5
Let v = 2 - -37. Calculate the remainder when v is divided by 21.
18
Let a(z) = -z**3 + 8*z**2 + 2*z - 3. Let s be a(8). Let p = s - 5. Let d = 10 + -5. Calculate the remainder when p is divided by d.
3
Suppose -2*y + 5*w = -0*y - 20, 4*y - 40 = 5*w. What is the remainder when 22 is divided by y?
2
Suppose -2*x = c - 11, 0 = 4*x + x. Let l be -2*3/3 - -10. What is the remainder when l/(2 + (-14)/8) is divided by c?
10
Suppose -33 = -0*o - 3*o. Let i(q) = -9*q - 4. Suppose 5 = -c - 2*j - 9, 2*c - 3*j - 7 = 0. What is the remainder when i(c) is divided by o?
10
Let r(u) = u + 7. What is the remainder when 17 is divided by r(3)?
7
Suppose 2*t - 15 = -3*t. Suppose 0 = -0*j - t*j + 36. Calculate the remainder when 23 is divided by j.
11
Let a(m) be the second derivative of 1/2*m**2 + 0 - 2/3*m**3 - m. What is the remainder when 16 is divided by a(-2)?
7
Let o = 11 - -2. Let j(b) = -b + 1. Let g be j(1). Suppose 12 = -g*f + f - m, 3*m = -15. What is the remainder when o is divided by f?
6
Suppose 2*k = h + 2, -3*k - 5*h + 24 - 8 = 0. Suppose -36 = 5*m - 3*u, -3*m + 3*u = -k*u + 12. What is the remainder when 25 is divided by 3 + m/(-3) + 1?
4
Suppose 2*q - 5*q = -z + 25, -3*q = -5*z + 101. Calculate the remainder when z is divided by 11.
8
Suppose 0 = 4*z - z - 9. Suppose -5 = -d - j, 2*d + 0*j - 10 = -z*j. Calculate the remainder when 13 is divided by d.
3
What is the remainder when 74 is divided by (-1*4)/2 - -17?
14
Let v = -1 - -1. Let r be 1 + (v + 2)*2. Let q = 8 - r. What is the remainder when 4 is divided by q?
1
Let s = 14 + -22. Let r be -10*(-2)/(s/(-74)). Suppose 5*z + f - r = 2*f, -4*z - 4*f = -172. Calculate the remainder when z is divided by 13.
12
Suppose -80 = -5*d + 5*c, -c = 5*d + 2*c - 104. Calculate the remainder when d is divided by 5.
4
Let h(l) = l**2 + 5*l + 7. Suppose 2 = -5*c - 18, -4*w + 80 = -5*c. Calculate the remainder when h(-9) is divided by w.
13
Let t = 141 - 69. Calculate the remainder when t is divided by 25.
22
Let x be ((-5)/4 - -2)*4. Suppose -5*t + 59 = -t - x*i, -i = -3*t + 48. Let f = t - 0. What is the remainder when 49 is divided by f?
15
Let z = 43 + -18. Calculate the remainder when 147 is divided by z.
22
Let q = 4 + 1. Suppose 17 = q*f - 18. What is the remainder when f is divided by 4?
3
Let u = 18 - 11. What is the remainder when u is divided by 5?
2
Suppose -4*t = -100 - 24. Suppose 2*m - 3 = -3*z, -2*m + 4*z - 4 = -m. What is the remainder when t is divided by 11/(m - (-3 + 2))?
9
Suppose 18 = 5*q - 27. Let s(y) = -3*y - 8. Calculate the remainder when s(-8) is divided by q.
7
Suppose -12*v + 23 + 25 = 0. Calculate the remainder when 66 is divided by v.
2
Suppose -4*a + 26 = 6. Let q = -4 - -9. Suppose 4*x - q*b - 71 - 35 = 0, 149 = a*x + 2*b. What is the remainder when x is divided by 10?
9
Let h(k) = -3*k + 6. Suppose 4*j = 3*j + 7. Let s(g) = -2*g + 4. Let q(b) = j*s(b) - 5*h(b). Calculate the remainder when 9 is divided by q(7).
4
Suppose 0 = 2*s - 3*s + 44. What is the remainder when s is divided by (4 - 2)*69/6?
21
Let t(g) = -2*g - 2. Let f be t(5). Calculate the remainder when 16 is divided by (-105)/f - (-3)/12.
7
Suppose 0*r - 3*z + 7 = 2*r, 5*r = 2*z + 27. Let x = 4 + r. What is the remainder when x is divided by 6?
3
Suppose 0*p = -5*p - l + 101, -4*l + 4 = 0. Let m(y) be the second derivative of -2*y**3/3 - y**2/2 + 2*y. Calculate the remainder when p is divided by m(-3).
9
Suppose 0 = 6*s + s - 105. Calculate the remainder when s is divided by 7.
1
What is the remainder when 451/55 - (-1)/(-5) is divided by 3?
2
Let l(v) = -4*v + 8. Let j be l(-9). What is the remainder when (-2)/(-3)*(j - -4) is divided by (0 + 11/(-4))*-4?
10
Suppose -4*y = 3*l - 0*l - 118, -y - 51 = -l. Calculate the remainder when l is divided by 12.
10
Suppose -4*g + p + p = -10, 4*p - 32 = -5*g. Suppose 5*l = -g*z + 19, -l - 4*z - 9 = -0*l. Calculate the remainder when 13 is divided by l.
6
Let q(r) = -r**2 + 8*r - 6. Let c be q(7). Let w = c + 16. What is the remainder when (-2 - (-30)/5) + (62 - 1) is divided by w?
14
Let w(o) = -2*o**3 - 4*o**2 + 5*o + 3. Calculate the remainder when w(-4) is divided by 10.
7
Suppose -5*c = 3*h - 10, -12 = -c + 4*c. What is the remainder when 16 is divided by h?
6
Let t be (-388)/5 - 6/15. Let m = -35 - t. Calculate the remainder when m is divided by 15.
13
Suppose -127 = -5*k - p, -3*k - 5*p + 120 = 35. What is the remainder when k is divided by 14?
11
Suppose 2 = 4*p + 42. What is the remainder when 2358/30 - (-6)/p is divided by 27?
24
What is the remainder when 31 is divided by (-18)/(-3)*(-3)/((-18)/8)?
7
Suppose -2*t = 2*t - 172. Suppose t = 5*h + 3. What is the remainder when (-30)/((-2)/(1 + 0)) is divided by h?
7
Suppose 4*r - 80 = r - w, 0 = 3*r + 2*w - 82. Calculate the remainder when r is divided by (-10)/(-2) - (-15)/3.
6
Let n be ((-3)/4)/(7/(-112)). Suppose t = -0*o - o + n, -5*o - 60 = -5*t. What is the remainder when 22 is divided by t?
10
Suppose -2*c = -0*c. Suppose -y + 0 + 4 = c. What is the remainder when y is divided by 2?
0
Let a = 58 + -31. Suppose 3*r - a = -2*u, r = -0*u - 4*u + 59. Calculate the remainder when 42 is divided by u.
12
Suppose -5*n = 4*x - 105, 0*x - 2*x + 55 = 3*n. Let a be 200/15*(-6)/4. Calculate the remainder when x is divided by 56/5 + 4/a.
9
Suppose 0 = 24*f - 20*f - 104. What is the remainder when 49 is divided by f?
23
Let r = 4 + -7. Let u(l) 